3)/40). Let v = 4 + 8. What is the greatest common divisor of v and q?
6
Suppose -42 = -3*j + 15. Suppose -5*l + 901 = -j. Suppose 162 = 3*i + 3*c, 4*i - 3*c - c = l. Calculate the highest common divisor of 10 and i.
10
Let t = -12 + 102. Calculate the highest common divisor of 36 and t.
18
Let b = 6 - -34. Calculate the highest common divisor of 8 and b.
8
Let q(t) = 5*t - 7. Let v be q(3). Calculate the greatest common divisor of v and 64.
8
Suppose -140 + 25 = -3*u + 5*h, -3*h - 157 = -4*u. Calculate the highest common factor of 20 and u.
20
Let v be (0 - (-42)/2) + 14 + -17. Let b = -1 + 3. What is the highest common divisor of b and v?
2
Let h be 0/(3/1) - 0. Let p(c) = c + 65. Let v be p(h). Calculate the greatest common factor of 13 and v.
13
Suppose 3*m - 253 = 104. Suppose -3*u - 2*c = -569, -u + m + 88 = 5*c. Let o = 26 + -9. Calculate the greatest common factor of u and o.
17
Suppose -c - 6 = -3*c. Let i = 24 - 21. Calculate the highest common divisor of c and i.
3
Let c be 18/2*(-1)/(-1). Let x = -9 + 10. Calculate the highest common factor of c and x.
1
Suppose -25 = 5*h, -4*v + 3*h = -h - 28. Suppose -6 = -v*j - j. Let z(k) = 5*k - 3. Let q be z(j). What is the greatest common divisor of 63 and q?
7
Suppose -c = 2*d + 5, -5*c + 2*d - 7*d - 5 = 0. Suppose 3*o - 51 = c*b, -b = 2*o - 2*b - 30. Let x = 5 + o. Calculate the highest common factor of 18 and x.
18
Suppose 200 = 15*v - 11*v. Let s be (-158)/(-8) + 1/4. What is the highest common factor of s and v?
10
Let r = -12 - -18. Let p be 13/(-2) - (-4)/8. Let c be (-3 - -1)*p/4. Calculate the greatest common divisor of c and r.
3
Let f = 136 + -119. Suppose 4*d - 595 = -d. Calculate the greatest common factor of d and f.
17
Let v be (16/(-10))/(2/(-130)). Let m(w) = -w**3 - 3*w - 1. Let i be m(-2). What is the highest common factor of i and v?
13
Suppose -y = 5*q - 439, -3*q + 2*y + 302 = 36. Let s = 8 + -6. Suppose -s + 10 = w. What is the greatest common factor of w and q?
8
Suppose 0 = q + 2*u - 10, -2*q - q + 5*u + 8 = 0. Suppose 4*i = 5*i - q. Calculate the highest common factor of 30 and i.
6
Let c(l) = 3*l**2 + 7*l + 18. Let b be c(-8). Suppose -4*i + b = -14. Calculate the greatest common factor of i and 28.
14
Suppose -3*r + 5 + 1 = 0. Let z be (-1)/(-2)*r*108. What is the greatest common factor of z and 12?
12
Suppose 2*h - y - y - 32 = 0, 2*y = -3*h + 68. Calculate the greatest common divisor of h and 4.
4
Let y(k) = 4*k - 52. Let p be y(18). Let o = -54 + 84. Calculate the greatest common factor of p and o.
10
Suppose -3*d + 5*d + 2*f - 60 = 0, 5*d - 150 = 3*f. Suppose j - 2*j + d = 0. What is the greatest common factor of j and 12?
6
Let d = -16 - -34. Calculate the highest common divisor of 12 and d.
6
Let j be -1*((1 - 0) + -1). Suppose 2*a - 6*a + 48 = j. Let t = 3 - -1. What is the highest common factor of a and t?
4
Suppose -57 = -3*d + 15. Calculate the highest common divisor of 36 and d.
12
Let u be 6/27 + 166/(-18). Let w be (17/(-3))/(1/u). What is the greatest common factor of w and 17?
17
Let k(a) = -8*a + 1. Let m be k(-2). Let x = -2 + m. What is the greatest common factor of x and 6?
3
Suppose -3 = -4*o + 5. Suppose -2*c + 38 = -o*s + 4*s, s - 21 = c. Calculate the highest common divisor of s and 60.
20
Let t(b) = 59*b**2 + b. Let n be (4/(-6) - -1)*3. Let i be t(n). What is the highest common divisor of 12 and i?
12
Let v be -4*-1*(1 + 0). Suppose 2*t - 4*l + 92 = v*t, 2*l + 34 = t. Let f = t + 8. What is the greatest common factor of f and 32?
16
Suppose 0 = 2*l - 6*l + 128. Let j = -18 + l. What is the greatest common divisor of 2 and j?
2
Suppose -4*b + 51 = 3*x - 11, x + 2*b = 24. Calculate the greatest common divisor of x and 84.
14
Let u be ((-264)/(-20))/(3/10). Let v(c) = c**3 + 6*c**2 - 9*c + 12. Let b be v(3). What is the highest common factor of b and u?
22
Suppose -2*m + 0*a + 57 = 3*a, 5*m = 3*a + 111. Calculate the highest common divisor of m and 12.
12
Suppose 48 = j - 96. Suppose 0 = 2*z - 1 + 27. Let h = 31 + z. Calculate the highest common divisor of h and j.
18
Let g be 3/(-2 - 57/(-24)). Suppose -d = d - g. Suppose 6*f = 5*z + f - 85, 5*z + d*f = 112. Calculate the greatest common divisor of z and 10.
10
Let z be 4/(-18) - 6/(-27). Suppose -q + 2 + 1 = z. Suppose q*l - 2*a - 201 = 0, 2*a + 71 = l - 0*a. Calculate the greatest common divisor of 13 and l.
13
Suppose 0 = 2*i - 430 - 68. Suppose -4*o + i - 25 = 0. Calculate the greatest common factor of 7 and o.
7
Let v(g) = -g + 9. Let z be v(8). Calculate the highest common factor of 1 and z.
1
Let n be (-30)/(3/((-3)/2)). Let r = 51 - 36. Calculate the greatest common factor of r and n.
15
Let d = -29 - -69. Calculate the highest common factor of 10 and d.
10
Let u(n) = -n**3 - 5*n**2 + 6*n + 12. Let x(s) = s - 1. Let c(w) = u(w) + 5*x(w). Let f be c(-7). Calculate the highest common divisor of 4 and f.
4
Let a = -271 + 381. Let t = 28 - 17. Calculate the highest common factor of a and t.
11
Let n(s) = 2*s - 1. Let l be n(3). Let m(j) = j**2 - l - 1 + 7*j - 2*j + j**2. Let d be m(-6). Calculate the highest common factor of 12 and d.
12
Suppose 4*z = 3*d - 40, 3*d - 2*d + 12 = -5*z. Let p(l) = -2 - 2*l + 3 + 1 - 4. Let h be p(-5). Calculate the highest common factor of d and h.
8
Suppose 0 = 5*l - 6*l. Suppose -5*m - 4*d + l*d = -31, 3*m + 11 = 5*d. Let u be ((-13)/2)/(m/(-6)). What is the greatest common factor of u and 39?
13
Let x(i) = i**3 + 6*i**2 + 7*i + 3. Let n be x(-3). Calculate the highest common factor of 3 and n.
3
Let o be 294/105*5*3. What is the highest common divisor of 56 and o?
14
Let q(p) = -p**3 + 8*p**2 - 3*p + 16. Let s be q(7). Calculate the highest common divisor of s and 352.
44
Suppose v = -v + 3*i + 375, -3*i = 15. Suppose -4*k = -4*x - 4, -2 - 8 = -4*x - 3*k. Let c be -2*(2 - x) + 22. Calculate the greatest common divisor of c and v.
20
Suppose -7 - 18 = -i. What is the greatest common factor of i and 125?
25
Let n = -18 + 33. Let k = -39 + 66. Suppose 5*w + 3 = -4*x, -4*x + 4*w + k = x. Calculate the highest common divisor of n and x.
3
Let o(h) = 2*h - 12. Let k be o(13). Let w(d) = -d - 1. Let u be w(0). Let q = 1 - u. What is the highest common divisor of k and q?
2
Let g = -55 + 95. Calculate the highest common divisor of 60 and g.
20
Suppose 4*n + k = 33, 8*k = 5*n + 4*k - 36. Suppose -12 - n = -4*x. Calculate the highest common divisor of x and 55.
5
Suppose 0 = -2*x - 4*j + 40, -x = 2*x + 3*j - 48. Suppose -7*i - 18 = -144. What is the greatest common divisor of i and x?
6
Suppose -g = -2*q + 115, q - 3*g = -3*q + 225. Let s = q + 10. What is the highest common divisor of 14 and s?
14
Let l = -18 + 31. Calculate the greatest common factor of 13 and l.
13
Let q(o) = 43*o. Let u be q(1). Let b = 118 - u. What is the greatest common divisor of 30 and b?
15
Suppose -11*l - 6*l = -4896. Calculate the greatest common divisor of l and 18.
18
Let y(x) = x**3 - 2*x**2 - 2*x - 1. Let p be y(3). Suppose -3*o + 5*i = -43, p*i + 47 = 3*o + i. What is the greatest common factor of 4 and o?
4
Suppose 4*p - 84 = -4*m, m = -4*m. Suppose 0*c - 2*h - 90 = 4*c, 5*c - 5*h = -75. Let y = 22 - c. What is the greatest common divisor of p and y?
21
Let c = -5 + 15. What is the highest common divisor of c and 50?
10
Let p(z) = 3*z**2 + 4*z - 11. Let i be p(3). What is the highest common factor of i and 70?
14
Let h = 1 - -4. Let z = h + 1. Let y(w) = -w**3 - 4*w**2 - w + 2. Let p be y(-4). What is the highest common factor of p and z?
6
Suppose -390 = -5*h + 10. Let i(d) = -d + 31. Let g be i(0). Suppose 0 = -4*t + 95 - g. Calculate the greatest common factor of h and t.
16
Let l(r) = -2*r**3 - 3*r**2 + 3*r - 3. Let f be l(-3). Let t be 5/3 + (-6)/9. Let w = 2 + t. What is the highest common factor of w and f?
3
Suppose -342*g + 24 = -339*g. What is the highest common factor of g and 2?
2
Let p = 75 + -39. Let i = 2 - -1. Suppose -i*c = -2*c - 9. Calculate the greatest common divisor of p and c.
9
Suppose 138 = 2*n + 4*n. Calculate the greatest common factor of 230 and n.
23
Let y be (-104)/(-12) - (-2)/(-3). Let g = 55 - 15. Calculate the highest common factor of g and y.
8
Let f = 189 - 110. Let z = f + 11. Calculate the highest common divisor of z and 18.
18
Suppose w